{"id":327734,"date":"2023-04-17T13:52:57","date_gmt":"2023-04-17T11:52:57","guid":{"rendered":"https:\/\/www.epsdelomagne.fr\/?page_id=327734"},"modified":"2025-02-27T12:18:10","modified_gmt":"2025-02-27T11:18:10","slug":"demarche-qualite","status":"publish","type":"page","link":"https:\/\/www.epsdelomagne.fr\/index.php\/demarche-qualite\/","title":{"rendered":"D\u00e9marche qualit\u00e9"},"content":{"rendered":"<div id=\"pl-327734\"  class=\"panel-layout\" ><div id=\"pg-327734-0\"  class=\"panel-grid panel-no-style\" ><div id=\"pgc-327734-0-0\"  class=\"panel-grid-cell\" ><div id=\"panel-327734-0-0-0\" class=\"so-panel widget widget_sow-editor panel-first-child panel-last-child\" data-index=\"0\" ><div\n\t\t\t\n\t\t\tclass=\"so-widget-sow-editor so-widget-sow-editor-base\"\n\t\t\t\n\t\t>\n<div class=\"siteorigin-widget-tinymce textwidget\">\n\t<h2>Certification pour la qualit\u00e9 et la s\u00e9curit\u00e9 des soins<\/h2>\n<p>L\u2019\u00e9tablissement a \u00e9t\u00e9 certifi\u00e9 par la HAS (Haute Autorit\u00e9 de Sant\u00e9) avec recommandation d\u2019am\u00e9lioration (B) pour ses services de m\u00e9decine\/SSR le 27\/03\/2018. Le <a href=\"https:\/\/www.has-sante.fr\/jcms\/c_2846743\/fr\/rapport-de-certification-v2014-31876\"><strong>Rapport de certification V2014 - 31876<\/strong><\/a> est consultable sur le site de la HAS<\/p>\n<p><img loading=\"lazy\" decoding=\"async\" class=\"wp-image-327746 aligncenter\" src=\"https:\/\/www.epsdelomagne.fr\/wp-content\/uploads\/2023\/04\/Image1-300x100.png\" alt=\"\" width=\"363\" height=\"121\" srcset=\"https:\/\/www.epsdelomagne.fr\/wp-content\/uploads\/2023\/04\/Image1-300x100.png 300w, https:\/\/www.epsdelomagne.fr\/wp-content\/uploads\/2023\/04\/Image1.png 415w\" sizes=\"auto, (max-width: 363px) 100vw, 363px\" \/>La prochaine visite de certification aura lieu en juillet 2023.<\/p>\n<p>\u00ab&nbsp;En place depuis 20 ans, la certification est une proc\u00e9dure ind\u00e9pendante d\u2019\u00e9valuation obligatoire du niveau de qualit\u00e9 et de s\u00e9curit\u00e9 des soins dans les \u00e9tablissements de sant\u00e9, publics et priv\u00e9s. Elle est r\u00e9alis\u00e9e tous les 4 ans par des professionnels (des pairs) mandat\u00e9s par la HAS, les experts-visiteurs.<\/p>\n<p>En 2020, la proc\u00e9dure de certification s'est transform\u00e9e profond\u00e9ment pour r\u00e9pondre encore mieux aux enjeux actuels de qualit\u00e9 et de s\u00e9curit\u00e9 des soins. La certification des \u00e9tablissements de sant\u00e9 pour la qualit\u00e9 des soins est d\u00e9sormais simplifi\u00e9e, ancr\u00e9e dans les pratiques des soignants et centr\u00e9e sur les r\u00e9sultats de la prise en charge pour le patient.&nbsp;\u00bb<\/p>\n<p><a href=\"https:\/\/www.epsdelomagne.fr\/wp-content\/uploads\/2023\/04\/15-Qualite-1.png?ssl=1\"><img loading=\"lazy\" decoding=\"async\" class=\"alignright wp-image-327825\" src=\"https:\/\/www.epsdelomagne.fr\/wp-content\/uploads\/2023\/04\/15-Qualite-1-210x300.png\" alt=\"\" width=\"169\" height=\"241\" srcset=\"https:\/\/www.epsdelomagne.fr\/wp-content\/uploads\/2023\/04\/15-Qualite-1-210x300.png 210w, https:\/\/www.epsdelomagne.fr\/wp-content\/uploads\/2023\/04\/15-Qualite-1.png 477w\" sizes=\"auto, (max-width: 169px) 100vw, 169px\" \/><\/a><\/p>\n<p>&nbsp;<\/p>\n<p><a href=\"https:\/\/www.has-sante.fr\/jcms\/c_411173\/en\/comprendre-la-certification-pour-la-qualite-des-soins\">Haute Autorit\u00e9 de Sant\u00e9 - Comprendre la certification pour la qualit\u00e9 des soins<\/a><a href=\"https:\/\/www.has-sante.fr\/jcms\/c_411173\/en\/comprendre-la-certification-pour-la-qualite-des-soins\">&nbsp;(has-sante.fr)<\/a><\/p>\n<p style=\"text-align: left;\">A travers son r\u00e9f\u00e9rentiel de certification la HAS a identifi\u00e9 15 objectifs.<br \/>L\u2019\u00e9tablissement pleinement engag\u00e9 dans de cette d\u00e9marche de certification met en \u0153uvre un programme d\u2019actions afin de r\u00e9pondre au mieux aux besoins des patients et atteindre le plus au niveau de satisfaction aux objectifs fix\u00e9s.<\/p>\n<ol>\n<li>Le patient est inform\u00e9 et son implication est recherch\u00e9e<\/li>\n<li>Le patient est respect\u00e9<\/li>\n<li>Les proches et\/ou aidants sont associ\u00e9s \u00e0 la mise en \u0153uvre du projet de soins avec l\u2019accord du patient<\/li>\n<li>Les conditions de vie et de lien social du patient sont prises en compte dans le cadre de sa prise en charge<\/li>\n<li>La pertinence des parcours, des actes et des prescriptions est argument\u00e9e au sein de l\u2019\u00e9quipe<\/li>\n<li>Les \u00e9quipes sont coordonn\u00e9es pour prendre en charge le patient de mani\u00e8re pluriprofessionnelle et pluridisciplinaire tout au long de sa prise en charge<\/li>\n<li>Les \u00e9quipes ma\u00eetrisent les risques li\u00e9s \u00e0 leurs pratiques<\/li>\n<li>Les \u00e9quipes \u00e9valuent leurs pratiques notamment au regard du suivi des r\u00e9sultats cliniques de leur patient\u00e8le<\/li>\n<li>L\u2019\u00e9tablissement d\u00e9finit ses orientations strat\u00e9giques en coh\u00e9rence avec son territoire<\/li>\n<\/ol>\n<ol start=\"10\">\n<li>L\u2019\u00e9tablissement favorise l\u2019engagement des patients individuellement et collectivement<\/li>\n<li>La gouvernance fait preuve de leadership<\/li>\n<li>L\u2019\u00e9tablissement favorise le travail en \u00e9quipe et le d\u00e9veloppement des comp\u00e9tences<\/li>\n<li>Les professionnels sont impliqu\u00e9s dans une d\u00e9marche de qualit\u00e9 de vie au travail impuls\u00e9e par la gouvernance<\/li>\n<li>L\u2019\u00e9tablissement dispose d\u2019une r\u00e9ponse adapt\u00e9e et op\u00e9rationnelle aux risques auxquels il peut \u00eatre confront\u00e9<\/li>\n<li>L\u2019\u00e9tablissement d\u00e9veloppe une dynamique d\u2019am\u00e9lioration continue de la qualit\u00e9 des soins<\/li>\n<\/ol>\n<p>&nbsp;<\/p>\n<h2>IQSS Indicateurs pour qualit\u00e9 et la s\u00e9curit\u00e9 des soins<\/h2>\n<p>&nbsp;<\/p>\n<p>\u00ab&nbsp;Les indicateurs de qualit\u00e9 et de s\u00e9curit\u00e9 des soins (IQSS) sont des outils qui mesurent l\u2019\u00e9tat de sant\u00e9 d\u2019un patient, une pratique professionnelle ou la survenue d\u2019un \u00e9v\u00e8nement afin d\u2019\u00e9valuer de mani\u00e8re fiable la qualit\u00e9 des soins et la s\u00e9curit\u00e9 des patients. Ils sont recueillis chaque ann\u00e9e.&nbsp;\u00bb<\/p>\n<p>Les derniers r\u00e9sultats des indicateurs sont \u00e0 consulter sur le site de la <a href=\"https:\/\/www.has-sante.fr\/jcms\/c_1725555\/en\/qualiscope-qualite-des-hopitaux-et-des-cliniques\">Haute Autorit\u00e9 de Sant\u00e9 - QualiScope - Qualit\u00e9 des h\u00f4pitaux et des cliniques (has-sante.fr)<\/a><\/p>\n<p>Acc\u00e8s direct \u00e0 la page de l\u2019\u00e9tablissement&nbsp;: <a href=\"https:\/\/www.has-sante.fr\/jcms\/978_FicheEtablissement\/fr\/eps-lomagne-site-de-fleurance#iqssAnchor\">Haute Autorit\u00e9 de Sant\u00e9 - EPS LOMAGNE SITE DE FLEURANCE (has-sante.fr)<\/a><\/p>\n<\/div>\n<\/div><\/div><\/div><\/div><\/div>","protected":false},"excerpt":{"rendered":"<p>Certification pour la qualit\u00e9 et la s\u00e9curit\u00e9 des soinsL\u2019\u00e9tablissement a \u00e9t\u00e9 certifi\u00e9 par la HAS (Haute Autorit\u00e9 de Sant\u00e9) avec<\/p>\n<p><a href=\"https:\/\/www.epsdelomagne.fr\/index.php\/demarche-qualite\/\" class=\"more-link\">Test<span class=\"screen-reader-text\">D\u00e9marche qualit\u00e9<\/span><\/a><\/p>\n","protected":false},"author":4,"featured_media":0,"parent":0,"menu_order":0,"comment_status":"closed","ping_status":"closed","template":"","meta":{"content-type":"","om_disable_all_campaigns":false,"_monsterinsights_skip_tracking":false,"_monsterinsights_sitenote_active":false,"_monsterinsights_sitenote_note":"","_monsterinsights_sitenote_category":0,"ngg_post_thumbnail":0,"footnotes":""},"class_list":["post-327734","page","type-page","status-publish","hentry"],"jetpack_sharing_enabled":true,"_links":{"self":[{"href":"https:\/\/www.epsdelomagne.fr\/index.php\/wp-json\/wp\/v2\/pages\/327734","targetHints":{"allow":["GET"]}}],"collection":[{"href":"https:\/\/www.epsdelomagne.fr\/index.php\/wp-json\/wp\/v2\/pages"}],"about":[{"href":"https:\/\/www.epsdelomagne.fr\/index.php\/wp-json\/wp\/v2\/types\/page"}],"author":[{"embeddable":true,"href":"https:\/\/www.epsdelomagne.fr\/index.php\/wp-json\/wp\/v2\/users\/4"}],"replies":[{"embeddable":true,"href":"https:\/\/www.epsdelomagne.fr\/index.php\/wp-json\/wp\/v2\/comments?post=327734"}],"version-history":[{"count":8,"href":"https:\/\/www.epsdelomagne.fr\/index.php\/wp-json\/wp\/v2\/pages\/327734\/revisions"}],"predecessor-version":[{"id":2085275,"href":"https:\/\/www.epsdelomagne.fr\/index.php\/wp-json\/wp\/v2\/pages\/327734\/revisions\/2085275"}],"wp:attachment":[{"href":"https:\/\/www.epsdelomagne.fr\/index.php\/wp-json\/wp\/v2\/media?parent=327734"}],"curies":[{"name":"wp","href":"https:\/\/api.w.org\/{rel}","templated":true}]}}