{"id":334200,"date":"2023-04-19T10:21:57","date_gmt":"2023-04-19T08:21:57","guid":{"rendered":"https:\/\/www.epsdelomagne.fr\/?page_id=334200"},"modified":"2023-04-19T10:21:57","modified_gmt":"2023-04-19T08:21:57","slug":"le-sejour","status":"publish","type":"page","link":"https:\/\/www.epsdelomagne.fr\/index.php\/le-sejour\/","title":{"rendered":"Le s\u00e9jour"},"content":{"rendered":"<h2>Vie quotidienne :<\/h2>\n<h4>Vos repas :<\/h4>\n<p>Les menus propos\u00e9s sont adapt\u00e9s \u00e0 votre \u00e9tat de sant\u00e9. Ils sont \u00e9labor\u00e9s avec le concours du di\u00e9t\u00e9ticien.<br \/>\nHoraires des repas :<br \/>\nPetit d\u00e9jeuner \u00e0 partir de 7h00<br \/>\nD\u00e9jeuner \u00e0 partir de 11h45<br \/>\nD\u00eener \u00e0 partir de 18h45<\/p>\n<h4>Les accompagnants :<\/h4>\n<p>Votre famille peut b\u00e9n\u00e9ficier d&rsquo;un lit accompagnant (sous r\u00e9serve de disponibilit\u00e9) et prendre ses repas avec vous. Les frais de ces prestations sont \u00e0 r\u00e9gler aupr\u00e8s du bureau des entr\u00e9es.<\/p>\n<h4>Les visites :<\/h4>\n<p>Elles sont autoris\u00e9es de <strong>11h00 \u00e0 20h00<\/strong>, et les horaires peuvent vari\u00e9s en fonction des conditions de la crise sanitaire. Les visiteurs ne doivent pas troubler le repos des malades ni g\u00eaner le fonctionnement du service.<br \/>\nSachez que vous \u00eates en droit de refuser des visites. Signaler ce souhait d\u00e8s votre arriv\u00e9e.<\/p>\n<h4>A vos c\u00f4t\u00e9s pendant votre s\u00e9jour :<\/h4>\n<p>Les <strong>ministres des cultes<\/strong> des diff\u00e9rentes confessions peuvent vous rendre service visite, si vous en exprimez le d\u00e9sir. renseignez-vous aupr\u00e8s du cadre de sant\u00e9, qui vous donnera les coordonn\u00e9es.<br \/>\nDes <strong>visiteurs b\u00e9n\u00e9voles<\/strong> venir vous rendre visite si vous le d\u00e9sirez. Le cadre de sant\u00e9 peut les appeler pour vous<\/p>\n","protected":false},"excerpt":{"rendered":"<p>Vie quotidienne : Vos repas : Les menus propos\u00e9s sont adapt\u00e9s \u00e0 votre \u00e9tat de sant\u00e9. Ils sont \u00e9labor\u00e9s avec<\/p>\n<p><a href=\"https:\/\/www.epsdelomagne.fr\/index.php\/le-sejour\/\" class=\"more-link\">Test<span class=\"screen-reader-text\">Le s\u00e9jour<\/span><\/a><\/p>\n","protected":false},"author":4,"featured_media":0,"parent":0,"menu_order":0,"comment_status":"closed","ping_status":"closed","template":"","meta":{"content-type":"","om_disable_all_campaigns":false,"_monsterinsights_skip_tracking":false,"_monsterinsights_sitenote_active":false,"_monsterinsights_sitenote_note":"","_monsterinsights_sitenote_category":0,"ngg_post_thumbnail":0,"footnotes":""},"class_list":["post-334200","page","type-page","status-publish","hentry"],"jetpack_sharing_enabled":true,"_links":{"self":[{"href":"https:\/\/www.epsdelomagne.fr\/index.php\/wp-json\/wp\/v2\/pages\/334200","targetHints":{"allow":["GET"]}}],"collection":[{"href":"https:\/\/www.epsdelomagne.fr\/index.php\/wp-json\/wp\/v2\/pages"}],"about":[{"href":"https:\/\/www.epsdelomagne.fr\/index.php\/wp-json\/wp\/v2\/types\/page"}],"author":[{"embeddable":true,"href":"https:\/\/www.epsdelomagne.fr\/index.php\/wp-json\/wp\/v2\/users\/4"}],"replies":[{"embeddable":true,"href":"https:\/\/www.epsdelomagne.fr\/index.php\/wp-json\/wp\/v2\/comments?post=334200"}],"version-history":[{"count":1,"href":"https:\/\/www.epsdelomagne.fr\/index.php\/wp-json\/wp\/v2\/pages\/334200\/revisions"}],"predecessor-version":[{"id":334213,"href":"https:\/\/www.epsdelomagne.fr\/index.php\/wp-json\/wp\/v2\/pages\/334200\/revisions\/334213"}],"wp:attachment":[{"href":"https:\/\/www.epsdelomagne.fr\/index.php\/wp-json\/wp\/v2\/media?parent=334200"}],"curies":[{"name":"wp","href":"https:\/\/api.w.org\/{rel}","templated":true}]}}